e -3*q - 211 = 4*a, 6*q + 365 = q - r*a. Let d = 133 + q. What is the tens digit of d?
5
Let f(t) = -293*t - 379. What is the hundreds digit of f(-16)?
3
Let s(i) = -i**3 + i**2 - 8*i + 2. What is the hundreds digit of s(-6)?
3
What is the tens digit of 4/18 - (-1169460)/810?
4
Let f(m) = m**2 - m + 86. Suppose -3*l - 2*l = 0. Let h be f(l). Suppose -64 = -5*i + h. What is the tens digit of i?
3
Let y(n) be the third derivative of n**4/8 - n**3/3 - 2*n**2 - 2*n. Let l(p) = p**2 + 2*p - 3. Let i be l(3). What is the tens digit of y(i)?
3
Let p = 16 - 10. Suppose -22*q + 18648 = 52*q. Suppose -3*n + q = p*n. What is the tens digit of n?
2
Suppose -5*l - 3*t + 7*t = -12020, 4*l - 9616 = t. What is the thousands digit of l?
2
Let m(y) be the second derivative of -7*y**4/24 + y**3 - 7*y**2/2 - 2*y. Let b(p) be the first derivative of m(p). What is the tens digit of b(-4)?
3
Let q = 11012 - 4461. What is the units digit of q?
1
Suppose 4*w - 28 = 3*w. Let q(a) = -5*a - 189. Let b be q(-36). Let y = w + b. What is the tens digit of y?
1
Suppose 2 + 7 = -3*x. Let a = -18 - -20. What is the units digit of 7/a - x/(-6)?
3
Let q(a) = -1 - 6 + 0 - 11*a + 0. What is the tens digit of q(-4)?
3
What is the units digit of (-1210)/(-14) - (9 + (-600)/70)?
6
Suppose 4*w = -2*a + 7*a + 22, 3*a - 3*w + 15 = 0. Suppose 3 = -3*f - 0*f. What is the tens digit of f + 6*2 - a?
1
Let i = 26 + 16. Let w = i + 17. Suppose w = 5*j - 26. What is the tens digit of j?
1
Suppose -j = -21 + 7. Let y = j + -11. Suppose 7*k - 172 = y*k. What is the tens digit of k?
4
Let a(t) = 3*t - 2*t + 34 - 8 - t**2. Let x be 1 + 2*((-1)/(-2) + -1). What is the tens digit of a(x)?
2
Let h(k) = -k**3 + 44*k**2 + 106*k - 299. What is the tens digit of h(46)?
4
Let y(i) = -3*i**3 - 9*i**2 + 21*i + 50. What is the thousands digit of y(-11)?
2
What is the units digit of 2191 - 90/(36/(-4))?
1
Suppose -11*g + 7*g + 5700 = 0. What is the units digit of g?
5
Let p be 2 + 0 - 0/1. Suppose 8*n = 7*n. Suppose n = -p*r + r + 5*x, r - 4*x = 3. What is the tens digit of r?
1
Let v be ((-44)/55)/((-2)/5). Suppose -v*u + 27 + 13 = 0. Let n = -13 + u. What is the units digit of n?
7
Suppose -3*r + 231 = 3*b - 0*b, -2*b + 388 = 5*r. Let x = r - 75. What is the units digit of x?
3
Suppose -g + 6*g - 20 = 0. Suppose 5*k = k - u + 307, -g*u + 73 = k. What is the tens digit of k?
7
Let d(p) = 45*p**2 + 8*p - 207. What is the thousands digit of d(10)?
4
Let k be ((-9)/6)/(9/(-24)). Let h be 5/(-5)*(k - 1). Let x = h - -27. What is the units digit of x?
4
Let u be (-5)/(-25) + (-68)/(-10). Let p = 10 - u. What is the tens digit of 38/p + (-6)/9?
1
Suppose 0*r + 6*r = 6. Let j be 1*(1 + 0)*-3. What is the tens digit of -1*r/(j/45)?
1
Let y = -13 + 22. Let o(t) = -t**2 + 10*t - 6. Let v be o(y). Suppose -2*z + 4*a - 79 = -v*z, a = 3. What is the units digit of z?
7
Suppose 0 = 2*t + 79 + 59. Let c = t - -217. What is the units digit of c?
8
Let z be (-3)/(-6)*-3*10/(-3). Suppose d - 2*d = 4*y - 485, 0 = z*y - 2*d - 590. What is the tens digit of y?
2
Let j = -5 - -7. Suppose -3*a = 15, 7*n + 5*a - 270 = j*n. What is the tens digit of n?
5
Let i be 0 - 5*(-4)/10. Let h(x) = 4*x**3 - 3 - x**3 - x**3 + 2*x - 3*x**2. What is the units digit of h(i)?
5
Suppose 2 = k + 3*y - 1, 2*k - 6 = 5*y. Let z be (k - 6)*136/(-3). Let n = z - 86. What is the tens digit of n?
5
Let k = 11 + -19. Let g(d) = -d**3 - 9*d**2 - 17*d - 7. What is the tens digit of g(k)?
6
Let u(o) = 4*o**2 - 18*o + 3. What is the tens digit of u(-3)?
9
Suppose 25*o = 26*o - 2741. What is the thousands digit of o?
2
Suppose 73*a - 1574 = 72*a. What is the hundreds digit of a?
5
Suppose 3*k + 3*z = 537, -k + 202 = 5*z + 27. What is the tens digit of k?
8
Let g(a) = a**2 - 6*a + 9. Let d be g(5). Suppose 2*s + d + 4 = 0, 0 = 5*y - 4*s - 61. What is the units digit of y?
9
Suppose 1499*h = 1496*h + 228. What is the units digit of h?
6
Let u = 13 + -10. Suppose 0 = 4*b - l - 12, -6 = u*l + 6. Suppose 3*o = b*o + 24. What is the units digit of o?
4
Let t(z) = 3*z**3 - z**2 - 13*z - 5. Let v(y) = -2*y**3 + 7*y + 2. Let b(p) = -3*t(p) - 5*v(p). What is the units digit of b(-2)?
1
Let z be (324/63)/((-6)/(-56)). Suppose -4*d = 4*p - z, 0 = 2*d - 3*d - 2. What is the units digit of p?
4
Suppose 0 = z - 5*z + 8. Suppose z*g - 45 = -13. Let b = g + -14. What is the units digit of b?
2
Let q(f) = -14 - 2*f + 62 + 53. What is the units digit of q(0)?
1
Let c be 4 - (-3)/(-4)*112/84. Let s = 2 - 0. Suppose -d + 4*k + 13 = 0, -4*d - s*k = -c*d - 25. What is the units digit of d?
1
Let j = 38 + 160. Suppose -g = 2*g - j. What is the tens digit of g?
6
Let c be (3 + 4/2)/1. Suppose -8*n = -7*n + c. What is the units digit of ((-5)/(-4))/n*-28?
7
Let b be 4/(16/36) + -1. Suppose -7*c = -b*c + 166. Suppose -2*w = x - 5*x + c, 154 = 4*x + 2*w. What is the tens digit of x?
4
Let f(z) = -128*z - 871. What is the units digit of f(-31)?
7
Suppose 20 = 4*n - 412. What is the units digit of (14/28)/(1/n)?
4
Suppose -3719 = -3*g + 2*q, 4*q = 6*g - 3*g - 3709. What is the tens digit of g?
4
Let y = -394 + 475. What is the tens digit of y?
8
Let l = 9 + -3. Let b = -10 + l. Let h(i) = -i**3 - i**2 + 5*i - 3. What is the units digit of h(b)?
5
Let g(m) = m**3 + 19*m**2 - 23*m - 53. What is the hundreds digit of g(-18)?
6
Suppose -6*i = -3*i - 2*x + 21, -4*i + 2*x - 26 = 0. Let l be ((-16)/i)/((-4)/(-10)). Let w(v) = -v**2 + 9*v + 6. What is the units digit of w(l)?
4
Let i(d) = 344*d - 654. What is the hundreds digit of i(7)?
7
Let r = -1093 - -2198. What is the tens digit of r?
0
Let s(j) = -16*j - 76. What is the units digit of s(-15)?
4
Suppose -y + 0*y - 2 = 0. What is the units digit of -4*y*9/24?
3
Suppose -5*r - 5*q + 0*q = 20, 5*r - 5*q - 20 = 0. Suppose -3 = s + 2, y + 5*s - 85 = r. What is the hundreds digit of y?
1
Let m be 11/3 - (-16)/48. Suppose 0*r + 44 = m*r. Let w(o) = 4*o - 10. What is the tens digit of w(r)?
3
Suppose j = 2*v - 164, 3*v = 7*v - j - 330. Let z = v - 51. What is the tens digit of z?
3
Suppose 11*v - 1658 - 10651 = 0. What is the thousands digit of v?
1
Let t = -22 - -17. Let v(n) = -n**3 - 4*n**2 + n + 1. Let g be v(t). Let q = 6 + g. What is the units digit of q?
7
Let w(j) = 2*j**2 - 11*j + 9. Let t(g) = -g**3 - 7*g**2 + 8*g + 8. Let o be (-15 + 16)/(2/(-16)). Let k be t(o). What is the tens digit of w(k)?
4
Suppose -3*n = -3*j + 4 + 8, -4*n + 32 = 2*j. Let a(v) = 4*v**2 - 12*v + 28. What is the tens digit of a(j)?
8
Let z = 65 + -58. Suppose -3 + 220 = z*r. What is the tens digit of r?
3
Let l = 6 - 4. Suppose -4*g - l*w = 3*w - 184, 0 = -4*w. What is the tens digit of g/2 + (1 - 1)?
2
Let s = 2980 - 553. What is the thousands digit of s?
2
Let o(i) = -21*i + 324. What is the units digit of o(-4)?
8
Let o(f) = f - 2. Let s be o(3). Let g be 3 - (s + (-3 - 0)). Suppose -g*x = 2*m - 111, 2*x + 36 = 3*x + 5*m. What is the units digit of x?
1
Suppose -4*h = -12 + 4. Suppose -8 = -3*m + 4. Suppose -h*y + m = -2. What is the units digit of y?
3
Let u be (-16)/6 + (-6)/(-36)*4. What is the tens digit of (-1836)/(-10) - u/5?
8
Let m be -1 - 71 - (-1 + 0). Suppose 5*p + 568 = -3*v, 5*v + 564 = -5*p + v. Let n = m - p. What is the units digit of n?
5
Suppose -g + 4905 = 2*x, 43*x - 40*x - 7360 = -g. What is the hundreds digit of x?
4
What is the thousands digit of (1190/(-35))/(2/(-71))?
1
Let v(w) = -2*w + 113. What is the tens digit of v(-17)?
4
Suppose -3*c + 14 = q + c, -5*q + 10 = 5*c. Let z be 2/1 + (-4 - q). Suppose z*w + 46 = 2*w. What is the tens digit of w?
2
Let c = -54 + 1153. What is the thousands digit of c?
1
Let p(w) = w**3 - 5*w**2 - 7*w - 7. Let x be p(7). Let a = x - -246. Suppose 5*t + t - a = 0. What is the units digit of t?
8
Let l = -2629 + 4353. What is the tens digit of l?
2
Let s be 12/16 + 83/(-4). Let y = s - -141. What is the tens digit of y?
2
Suppose 0*j - 3*a = 2*j, -25 = 5*j - 5*a. Let r be j - ((-8)/4 - 5). Suppose 97 - 5 = r*d. What is the tens digit of d?
2
Let y be (-20)/(-30) + 164/6. Let a = 34 - y. What is the units digit of a?
6
Suppose -5*w = -984 - 86. Suppose -2*q - f = f - w, 112 = q + 2*f. What is the units digit of q?
2
Let d be 2/(-2) + (-220)/(-4). Suppose -26*v + 4 = -24*v. Suppose d = 2*i - v*t, -4*i + 111 